50?
0
What is the units digit of 9291?
1
What is the hundreds digit of 15756?
7
What is the hundreds digit of 10481?
4
What is the units digit of 2463?
3
What is the thousands digit of 10662?
0
What is the hundreds digit of 436?
4
What is the hundreds digit of 7743?
7
What is the tens digit of 12231?
3
What is the thousands digit of 11231?
1
What is the tens digit of 6504?
0
What is the thousands digit of 11623?
1
What is the thousands digit of 4236?
4
What is the hundreds digit of 24209?
2
What is the units digit of 50632?
2
What is the tens digit of 2690?
9
What is the thousands digit of 41520?
1
What is the units digit of 1124?
4
What is the tens digit of 4586?
8
What is the units digit of 38136?
6
What is the thousands digit of 36280?
6
What is the tens digit of 849?
4
What is the tens digit of 1604?
0
What is the thousands digit of 159069?
9
What is the thousands digit of 8274?
8
What is the thousands digit of 1336?
1
What is the tens digit of 121577?
7
What is the thousands digit of 1047?
1
What is the tens digit of 44?
4
What is the units digit of 512?
2
What is the ten thousands digit of 18240?
1
What is the thousands digit of 1939?
1
What is the hundreds digit of 40296?
2
What is the ten thousands digit of 12917?
1
What is the tens digit of 16944?
4
What is the tens digit of 15142?
4
What is the tens digit of 589?
8
What is the units digit of 4382?
2
What is the ten thousands digit of 34976?
3
What is the hundreds digit of 5162?
1
What is the units digit of 3670?
0
What is the units digit of 4771?
1
What is the tens digit of 6499?
9
What is the thousands digit of 43742?
3
What is the tens digit of 3987?
8
What is the hundreds digit of 5549?
5
What is the thousands digit of 1751?
1
What is the units digit of 36624?
4
What is the hundreds digit of 1245?
2
What is the thousands digit of 51605?
1
What is the hundreds digit of 80059?
0
What is the units digit of 35631?
1
What is the units digit of 2978?
8
What is the tens digit of 8505?
0
What is the ten thousands digit of 34288?
3
What is the thousands digit of 34667?
4
What is the hundreds digit of 155?
1
What is the thousands digit of 5029?
5
What is the hundreds digit of 2649?
6
What is the ten thousands digit of 25950?
2
What is the units digit of 877?
7
What is the units digit of 4561?
1
What is the hundreds digit of 19208?
2
What is the units digit of 4248?
8
What is the thousands digit of 65895?
5
What is the thousands digit of 2226?
2
What is the units digit of 7072?
2
What is the ten thousands digit of 69145?
6
What is the units digit of 22657?
7
What is the tens digit of 7995?
9
What is the thousands digit of 4306?
4
What is the hundreds digit of 646?
6
What is the hundreds digit of 7676?
6
What is the hundreds digit of 4905?
9
What is the hundreds digit of 36276?
2
What is the units digit of 1238?
8
What is the units digit of 1271?
1
What is the units digit of 1269?
9
What is the tens digit of 25538?
3
What is the thousands digit of 5724?
5
What is the hundreds digit of 2388?
3
What is the tens digit of 7673?
7
What is the tens digit of 7348?
4
What is the thousands digit of 47492?
7
What is the units digit of 4561?
1
What is the tens digit of 5989?
8
What is the tens digit of 989?
8
What is the units digit of 4155?
5
What is the thousands digit of 22185?
2
What is the thousands digit of 2449?
2
What is the units digit of 1158?
8
What is the units digit of 2063?
3
What is the hundreds digit of 54221?
2
What is the ten thousands digit of 44024?
4
What is the tens digit of 22930?
3
What is the hundreds digit of 2635?
6
What is the units digit of 12999?
9
What is the hundreds digit of 84587?
5
What is the tens digit of 6596?
9
What is the thousands digit of 20511?
0
What is the tens digit of 5226?
2
What is the tens digit of 65836?
3
What is the hundreds digit of 713?
7
What is the units digit of 1144?
4
What is the ten thousands digit of 22621?
2
What is the thousands digit of 44148?
4
What is the thousands digit of 3188?
3
What is the hundreds digit of 534?
5
What is the tens digit of 194?
9
What is the hundreds digit of 5238?
2
What is the tens digit of 22378?
7
What is the units digit of 1646?
6
What is the hundreds digit of 34949?
9
What is the units digit of 3473?
3
What is the ten thousands digit of 20080?
2
What is the units digit of 72?
2
What is the thousands digit of 19012?
9
What is the thousands digit of 7277?
7
What is the hundreds digit of 35112?
1
What is the tens digit of 494?
9
What is the tens digit of 116?
1
What is the units digit of 1087?
7
What is the thousands digit of 67677?
7
What is the hundreds digit of 5613?
6
What is the hundreds digit of 5157?
1
What is the tens digit of 42206?
0
What is the units digit of 13354?
4
What is the hundreds digit of 5573?
5
What is the tens digit of 15016?
1
What is the hundreds digit of 158513?
5
What is the tens digit of 80359?
5
What is the thousands digit of 7127?
7
What is the hundreds digit of 47009?
0
What is the thousands digit of 46759?
6
What is the hundreds digit of 6286?
2
What is the ten thousands digit of 13998?
1
What is the thousands digit of 1215?
1
What is the thousands digit of 65132?
5
What is the thousands digit of 4552?
4
What is the thousands digit of 1047?
1
What is the hundreds digit of 670?
6
What is the thousands digit of 57223?
7
What is the hundreds digit of 1350?
3
What is the ten thousands digit of 31056?
3
What is the hundreds digit of 449?
4
What is the tens digit of 879?
7
What is the thousands digit of 6791?
6
What is the ten thousands digit of 19278?
1
What is the units digit of 29998?
8
What is the tens digit of 371?
7
What is the units digit of 774?
4
What is the tens digit of 1873?
7
What is the units digit of 796?
6
What is the tens digit of 1919?
1
What is the hundreds digit of 689?
6
What is the units digit of 1491?
1
What is the tens digit of 22614?
1
What is the thousands digit of 2244?
2
What is the units digit of 4881?
1
What is the thousands digit of 53256?
3
What is the units digit of 8623?
3
What is the tens digit of 8543?
4
What is the hundreds digit of 92487?
4
What is the units digit of 252?
2
What is the units digit of 660?
0
What is the hundreds digit of 18492?
4
What is the units digit of 2355?
5
What is the units digit of 2459?
9
What is the ten thousands digit of 49737?
4
What is the hundreds digit of 29428?
4
What is the units digit of 710?
0
What is the tens digit of 736?
3
What is the hundreds digit of 571?
5
What is the hundreds digit of 28097?
0
What is the tens digit of 1728?
2
What is the tens digit of 9802?
0
What is the units digit of 683?
3
What is the tens digit of 313?
1
What is the ten thousands digit of 15051?
1
What is the units digit of 5196?
6
What is the thousands digit of 28107?
8
What is the thousands digit of 39097?
9
What is the tens digit of 33681?
8
What is the ten thousands digit of 77401?
7
What is the units digit of 7037?
7
What is the tens digit of 173955?
5
What is the tens digit of 702?
0
What is the ten thousands digit of 17349?
1
What is the hundreds digit of 1582?
5
What is the units digit of 791?
1
What is the thousands digit of 4680?
4
What is the tens digit of 820?
2
What is the hundreds digit of 117591?
5
What is the hundreds digit of 1843?
8
What is the units digit of 751?
1
What is the thousands digit of 51464?
1
What is the tens digit of 156?
5
What is the tens digit of 1058?
5
What is the tens digit of 131?
3
What is the hundreds digit of 694?
6
What is the units digit of 4763?
3
What is the thousands digit of 94864?
4
What is the thousands digit of 15601?
5
What is the hundreds digit of 1961?
9
What is the hundreds digit of 546?
5
What is the hundreds digit of 605?
6
What is the tens digit of 1372?
7
What is the hundreds digit of 361?
3
What is the tens digit of 4914?
1
What is the hundreds digit of 1826?
8
What is the thousands digit of 2905?
2
What is the hundreds digit of 48386?
3
What is the thousands digit of 5906?
5
What is the tens digit of 1798?
9
What is the units digit of 274?
4
What is the units digit of 701?
1
What is the tens digit of 4492?
9
What is the units digit of 3692?
2
What is the units digit of 19056?
6
What is the hundreds digit of 54121?
1
What is the hundred thousands digit of 155491?
1
What is 